57*r**2 + 64*r + 449. Give n(-58).
101
Let c(f) = 24*f + 24. Calculate c(8).
216
Let z(o) = 7632*o - 7637. Calculate z(1).
-5
Let u(c) = c**3 + 13*c**2 + 26*c + 122. Determine u(-13).
-216
Let u(p) = p**2 - 16*p - 129. Calculate u(25).
96
Let s(w) = -w**3 + w**2 + 112*w + 40. What is s(-10)?
20
Let l(c) = -c**3 - 32*c**2 + 182*c - 22. Determine l(-37).
89
Let q(w) = -521*w - 2150. Determine q(-4).
-66
Let x(t) = -57*t + 279. Give x(6).
-63
Let n(j) = j**2 + 32*j - 32. Give n(-29).
-119
Let s(l) = -l**3 - 14*l**2 - 3*l + 100. Give s(-13).
-30
Let z(n) = -2*n**3 + 43*n**2 + 30*n - 213. Determine z(22).
-37
Let o(c) = -c**3 - 16*c**2 + 17*c + 7. Determine o(-17).
7
Let l(t) = 55*t + 887. Give l(-14).
117
Let l(p) = -135*p - 880. Calculate l(-7).
65
Let o(l) = -2*l + 116. Give o(-7).
130
Let x(n) = -22*n - 138. Give x(10).
-358
Let b(p) = -51*p + 155. Determine b(3).
2
Let f(u) = u**3 - 9*u**2 - 16*u + 138. Give f(7).
-72
Let k(w) = 4*w**2 - 28*w + 14. What is k(7)?
14
Let d(u) = -u**2 - 17*u - 35. Calculate d(-18).
-53
Let h(v) = -63*v**2 + 19*v + 16. Calculate h(1).
-28
Let m(b) = -b**3 - 35*b**2 - 108*b - 589. Give m(-32).
-205
Let g(b) = -9*b**2 + 64*b - 22. What is g(5)?
73
Let p(o) = -86*o + 373. Determine p(4).
29
Let n(z) = 9*z**3 - 4*z**2 + 4*z + 1. What is n(2)?
65
Let l(s) = 2*s**3 - 15*s**2 - 121*s + 28. Give l(-5).
8
Let r(k) = -12*k + 426. What is r(33)?
30
Let x(t) = -t**3 + 138*t**2 + 104*t - 14356. Give x(138).
-4
Let f(y) = 1189*y**2 - 1217*y - 1. Give f(1).
-29
Let p(a) = -a**3 - 21*a**2 - 31*a - 224. What is p(-20)?
-4
Let g(j) = 4*j**3 + 23*j**2 + 29*j + 12. Calculate g(-4).
8
Let j(r) = r**3 - 57*r**2 - 522*r + 120. Calculate j(65).
-10
Let q(a) = a**3 + 37*a**2 - a + 10. Give q(-37).
47
Let t(u) = 2*u**2 + 6*u + 6. What is t(-4)?
14
Let z(f) = 3017*f + 2. What is z(0)?
2
Let b(n) = -n**3 - 13*n**2 - 23*n - 138. Determine b(-12).
-6
Let w(b) = 15*b**2 + 14*b - 35. Determine w(-2).
-3
Let u(m) = m**2 + 35*m - 333. Calculate u(-43).
11
Let k(q) = q**3 - 55*q**2 + 199*q + 250. What is k(51)?
-5
Let u(h) = -14880*h - 14881. Give u(-1).
-1
Let d(u) = -u**2 - 31*u - 79. Calculate d(-29).
-21
Let v(x) = -2*x**3 - x**2 - 3*x + 3. Determine v(1).
-3
Let j(q) = -389*q**2 - 2335*q + 2. Give j(-6).
8
Let w(d) = -d**2 - 36*d + 116. Give w(3).
-1
Let r(h) = -h**2 - 561*h + 14645. Calculate r(25).
-5
Let b(a) = -257*a**2 - 3*a - 52. Determine b(0).
-52
Let g(l) = -l**2 + 139*l + 2832. Determine g(157).
6
Let r(z) = 509*z - 2556. Give r(5).
-11
Let g(f) = -f**2 - 134*f + 1593. Give g(11).
-2
Let j(i) = -7*i**2 + 81*i - 42. Determine j(11).
2
Let q(v) = 12*v**2 - 1829*v + 765. Calculate q(152).
5
Let g(o) = -51*o**2 + 843*o + 1344. Calculate g(18).
-6
Let l(p) = -p**2 + 30*p + 878. Determine l(48).
14
Let b(z) = 66*z + 615. Give b(-13).
-243
Let n(f) = -4*f**3 - 62*f**2 + 116*f + 12. Calculate n(2).
-36
Let v(d) = 53*d**2 + 324*d + 35. Determine v(-6).
-1
Let p(x) = -x**3 + x**2 + 187*x - 7. Determine p(14).
63
Let p(b) = -b**3 - 5*b**2 - 2*b - 6. Give p(-3).
-18
Let j(x) = -x**2 + 48*x + 151. Determine j(49).
102
Let t(n) = 5*n**2 + 27*n + 146. Calculate t(-6).
164
Let a(q) = -q**2 + 38*q + 262. Give a(-6).
-2
Let j(v) = -6*v**3 - 87*v**2 - 38*v + 33. Determine j(-14).
-23
Let s(f) = -f**2 + 10*f + 18. Calculate s(23).
-281
Let z(u) = 57*u - 808. Give z(14).
-10
Let k(h) = h**2 - 12*h + 47. What is k(8)?
15
Let d(v) = -375*v**3 + 12*v**2 - 13*v + 2. What is d(1)?
-374
Let j(l) = 51*l - 170. What is j(2)?
-68
Let j(d) = 13*d**3 + d**2 + 12*d - 13. What is j(3)?
383
Let y(c) = 66*c - 238. Calculate y(4).
26
Let t(j) = 458*j + 41212. Calculate t(-90).
-8
Let f(a) = -a**2 - 91*a + 1007. Calculate f(10).
-3
Let z(w) = -93*w + 546. What is z(9)?
-291
Let q(x) = 3*x**3 - 5*x**2 - 9*x + 1. What is q(3)?
10
Let l(f) = f**3 + 9*f**2 - 205*f - 1973. Calculate l(-11).
40
Let h(q) = -80*q**2 + 368*q + 170. Determine h(5).
10
Let u(t) = -2*t**3 + 44*t**2 + 74*t + 563. What is u(24)?
35
Let i(b) = b**2 + b - 136. Determine i(-14).
46
Let q(c) = -6*c**2 + 29*c + 14. Give q(6).
-28
Let n(i) = 3*i**2 - 5*i - 31. Give n(-5).
69
Let k(h) = 17*h + 139. Calculate k(-18).
-167
Let i(k) = -264*k**3 - 14*k**2 + 18*k - 4. Calculate i(1).
-264
Let v(m) = 2*m**3 + 9*m**2 + 4*m + 31. Determine v(-6).
-101
Let n(v) = 106*v + 2679. Determine n(-26).
-77
Let d(k) = -k**2 + 214*k - 11176. What is d(91)?
17
Let c(v) = -3*v**2 - 33*v - 43. Determine c(-18).
-421
Let v(h) = -2*h**3 - 135*h**2 - 219*h - 1382. What is v(-66)?
4
Let j(x) = -4*x**2 + 99*x + 82. Give j(27).
-161
Let a(n) = n**3 - 31*n**2 + 259*n - 597. Give a(7).
40
Let m(z) = -2*z**2 - 20*z + 655. What is m(-25)?
-95
Let u(x) = 11*x**3 - 142*x**2 + 91*x - 1345. Give u(13).
7
Let u(a) = 242*a - 124. Calculate u(2).
360
Let l(n) = -7*n**3 + 8*n - 87. Determine l(0).
-87
Let z(f) = 421*f + 4097. Calculate z(-10).
-113
Let c(y) = -y**3 - 81*y**2 - 66*y + 1156. What is c(-80)?
36
Let y(z) = -496*z + 3468. What is y(7)?
-4
Let h(p) = 17*p**2 - 24*p - 2993. Give h(14).
3
Let l(q) = -54*q + 1035. Calculate l(20).
-45
Let j(s) = 2*s**2 - 22*s - 36. Calculate j(0).
-36
Let x(f) = 89*f**2 + 36*f + 7. Give x(-2).
291
Let o(p) = -21*p**3 + 6*p**2 + 6*p - 2. Calculate o(-3).
601
Let q(g) = 2*g**3 + 8*g**2 - 8*g - 36. What is q(-4)?
-4
Let d(l) = 15*l**2 - 77*l + 2. What is d(8)?
346
Let s(h) = -37*h + 1. What is s(2)?
-73
Let w(f) = 18*f + 476. Determine w(-26).
8
Let w(r) = -2241*r + 89637. Determine w(40).
-3
Let f(y) = -y**3 + 17*y**2 + 3*y + 289. Give f(18).
19
Let m(n) = -2*n**3 - 3*n**2 - 9*n - 17. Give m(-6).
361
Let x(t) = -1167*t - 3552. Determine x(-3).
-51
Let z(o) = 464*o - 5100. Give z(11).
4
Let q(b) = 5*b**3 + 189*b**2 - 31*b - 8. Calculate q(-38).
-274
Let z(i) = -9921*i + 59498. Determine z(6).
-28
Let s(k) = 437*k + 2197. Determine s(-5).
12
Let s(t) = t**3 - 7*t**2 + 3*t + 21. Give s(6).
3
Let m(c) = 35*c + 1292. Give m(-37).
-3
Let t(w) = -54*w + 244. Determine t(5).
-26
Let s(v) = -48*v**2 + 64*v - 204. Calculate s(3).
-444
Let b(m) = -971*m - 2896. Calculate b(-3).
17
Let u(m) = -m**3 + 200*m**2 + 401*m + 3. What is u(-2)?
9
Let l(f) = -2*f**3 - 24*f**2 - 36*f + 62. Determine l(-12).
494
Let m(f) = f**3 + 19*f**2 + 16*f - 35. Determine m(-18).
1
Let j(m) = -49*m + 1626. Give j(32).
58
Let c(j) = 104*j + 282. Give c(-5).
-238
Let n(m) = -m**3 + 11*m**2 + 29*m - 64. Calculate n(-4).
60
Let h(d) = 14*d**3 + 51*d**2 - 21*d - 57. Give h(-4).
-53
Let m(u) = u**3 - 21*u**2 + 15*u - 20. Calculate m(21).
295
Let d(t) = 11779*t - 82463. Determine d(7).
-10
Let v(r) = 100*r + 7058. Calculate v(-70).
58
Let k(y) = -y**3 + 3*y**2 + 36*y - 143. Calculate k(0).
-143
Let m(h) = -338*h - 7101. Give m(-21).
-3
Let c(j) = j**3 + 32*j**2 + 37*j + 152. What is c(-31)?
-34
Let a(k) = 16*k**2 + 320*k - 23. Calculate a(-20).
-23
Let i(y) = -2*y**2 - 34*y - 58. Calculate i(-13).
46
Let j(z) = 386*z - 4678. Determine j(12).
-46
Let v(n) = -401*n + 1218. What is v(3)?
15
Let j(w) = 271*w**2 + 33*w + 68. Give j(-2).
1086
Let u(y) = -44*y**2 - 234*y + 233. Give u(1).
-45
Let j(s) = -s**3 + 18*s**2 + 12*s + 155. Give j(19).
22
Let i(q) = q**2 + 19*q - 10. Determine i(-20).
10
Let b(o) = o**3 - 6*o**2 + 13*o - 26. Determine b(6).
52
Let m(z) = z**2 - 20*z + 2. Determine m(8).
-94
Let u(i) = -i**3 - 37*i**2 + 153*i - 353. What is u(-41)?
98
Let j(n) = -10*n**3 - 29*n + 57. Determine j(2).
-81
Let i(r) = -104*r + 3000. Calculate i(29).
-16
Let a(m) = -508*m + 3055. Calculate a(6).
7
Let v(q) = 134*q + 176. Calculate v(-1).
42
Let m(d) = -2*d + 71. Give m(37).
-3
Let j(k) = -k**3 + 21*k**2 - 36*k - 34. Give j(19).
4
Let i(x) = x**3 + 43*x**2 + 406*x - 58. Calculate i(-14).
-58
Let q(k) = -61*k + 623. Determine q(10).
13
Let i(r) = 36*r**2 + 112*r + 18. Give i(-3).
6
Let n(d) = 14*d - 51. What is n(9)?
75
Let w(j) = -23*j + 1082. What is w(48)?
-22
Let u(v) = -37*v + 2072. What is u(56)?
0
Let m(v) = 2*v**2 + 38*v - 87. Calculate m(-21).
-3
Let t(w) = -11401*w - 34207. Give t(-3).
-4
Let z(i) = 52*i + 1140. Determine z(-22).
-4
Let j(k) = 64*k**3 - 831*k**2 - 15*k + 20. Determine j(13).
-6
Let h(y) = y**3 + 18*y**2 + 76*y - 18. Calculate h(-9).
27
Let h(b) = 169*b + 748. Calculate h(-7).
-435
Let s(u) = 854*u + 8593. Give s(-10).
53
Le